91168 is divided by 2257?
15
What is the remainder when 31536 is divided by 10508?
12
Calculate the remainder when 20942 is divided by 141.
74
Calculate the remainder when 362 is divided by 41.
34
Calculate the remainder when 3142 is divided by 3110.
32
Calculate the remainder when 9788 is divided by 204.
200
What is the remainder when 106226 is divided by 713?
702
What is the remainder when 5019 is divided by 109?
5
What is the remainder when 339381 is divided by 103?
99
Calculate the remainder when 1587494 is divided by 134.
130
Calculate the remainder when 14942 is divided by 2972.
82
Calculate the remainder when 8340981 is divided by 18.
15
What is the remainder when 2966 is divided by 297?
293
What is the remainder when 897 is divided by 300?
297
Calculate the remainder when 38450 is divided by 9608.
18
What is the remainder when 51713 is divided by 78?
77
Calculate the remainder when 5331 is divided by 127.
124
What is the remainder when 71921 is divided by 15?
11
Calculate the remainder when 18912 is divided by 225.
12
What is the remainder when 495223 is divided by 7503?
25
Calculate the remainder when 196246 is divided by 888.
886
What is the remainder when 29565 is divided by 68?
53
What is the remainder when 2066 is divided by 794?
478
What is the remainder when 6055 is divided by 610?
565
Calculate the remainder when 34221 is divided by 124.
121
Calculate the remainder when 41359 is divided by 20.
19
What is the remainder when 1300 is divided by 289?
144
Calculate the remainder when 5444 is divided by 240.
164
What is the remainder when 45985 is divided by 1839?
10
What is the remainder when 249 is divided by 36?
33
Calculate the remainder when 4091 is divided by 194.
17
What is the remainder when 22331 is divided by 655?
61
What is the remainder when 16169 is divided by 22?
21
What is the remainder when 5319 is divided by 412?
375
Calculate the remainder when 9717 is divided by 43.
42
What is the remainder when 4273 is divided by 238?
227
What is the remainder when 239615 is divided by 512?
511
What is the remainder when 9058 is divided by 11?
5
What is the remainder when 231 is divided by 121?
110
What is the remainder when 2532 is divided by 68?
16
What is the remainder when 70023 is divided by 446?
1
Calculate the remainder when 384268 is divided by 250.
18
What is the remainder when 16118 is divided by 3203?
103
Calculate the remainder when 49123 is divided by 289.
282
Calculate the remainder when 568708 is divided by 1902.
10
Calculate the remainder when 3966 is divided by 248.
246
What is the remainder when 52215 is divided by 103?
97
What is the remainder when 1159111 is divided by 649?
646
Calculate the remainder when 401759 is divided by 32.
31
Calculate the remainder when 7424 is divided by 40.
24
What is the remainder when 51901 is divided by 468?
421
What is the remainder when 41441 is divided by 10323?
149
What is the remainder when 3060 is divided by 1530?
0
What is the remainder when 161468 is divided by 161467?
1
Calculate the remainder when 8822 is divided by 84.
2
What is the remainder when 192139 is divided by 246?
13
Calculate the remainder when 38873 is divided by 7774.
3
What is the remainder when 104087 is divided by 34643?
158
Calculate the remainder when 1031 is divided by 591.
440
What is the remainder when 1900 is divided by 316?
4
Calculate the remainder when 11381 is divided by 289.
110
What is the remainder when 1619 is divided by 202?
3
What is the remainder when 96115 is divided by 546?
19
Calculate the remainder when 4840 is divided by 193.
15
What is the remainder when 54190 is divided by 29?
18
Calculate the remainder when 3256 is divided by 658.
624
Calculate the remainder when 21074 is divided by 1053.
14
What is the remainder when 604540 is divided by 151130?
20
What is the remainder when 988 is divided by 966?
22
Calculate the remainder when 243322 is divided by 11.
2
Calculate the remainder when 11052 is divided by 5520.
12
What is the remainder when 175022 is divided by 58?
36
Calculate the remainder when 131711 is divided by 65814.
83
What is the remainder when 7019 is divided by 3509?
1
What is the remainder when 2972 is divided by 691?
208
What is the remainder when 121148 is divided by 631?
627
What is the remainder when 1173 is divided by 197?
188
What is the remainder when 42409 is divided by 72?
1
Calculate the remainder when 2376 is divided by 2304.
72
What is the remainder when 5059 is divided by 2527?
5
Calculate the remainder when 139474 is divided by 8204.
6
Calculate the remainder when 6922 is divided by 1250.
672
Calculate the remainder when 13182 is divided by 206.
204
What is the remainder when 161426 is divided by 587?
1
What is the remainder when 9514 is divided by 1584?
10
What is the remainder when 6971 is divided by 61?
17
What is the remainder when 97828 is divided by 80?
68
What is the remainder when 100874 is divided by 8?
2
Calculate the remainder when 4834 is divided by 15.
4
Calculate the remainder when 1836143 is divided by 738.
737
Calculate the remainder when 1594 is divided by 935.
659
Calculate the remainder when 1905 is divided by 1850.
55
Calculate the remainder when 14045 is divided by 126.
59
Calculate the remainder when 213602 is divided by 17.
14
What is the remainder when 26481 is divided by 38?
33
What is the remainder when 4875 is divided by 264?
123
What is the remainder when 3535 is divided by 221?
220
What is the remainder when 11403 is divided by 191?
134
What is the remainder when 137828 is divided by 12?
8
Calculate the remainder when 32013 is divided by 101.
97
Calculate the remainder when 4310 is divided by 1420.
50
Calculate the remainder when 323330 is divided by 81.
59
What is the remainder when 26721 is divided by 1581?
1425
Calculate the remainder when 725 is divided by 178.
13
Calculate the remainder when 6161 is divided by 367.
289
What is the remainder when 421 is divided by 8?
5
What is the remainder when 135621 is divided by 39?
18
What is the remainder when 200149 is divided by 353?
351
What is the remainder when 3807 is divided by 1659?
489
What is the remainder when 4258 is divided by 692?
106
Calculate the remainder when 28277 is divided by 9423.
8
Calculate the remainder when 16895 is divided by 4213.
43
Calculate the remainder when 5900 is divided by 500.
400
What is the remainder when 13141 is divided by 253?
238
What is the remainder when 704633 is divided by 177?
173
What is the remainder when 34163 is divided by 78?
77
What is the remainder when 695198 is divided by 50?
48
What is the remainder when 140883 is divided by 496?
19
Calculate the remainder when 842266 is divided by 271.
269
What is the remainder when 20768 is divided by 234?
176
Calculate the remainder when 262526 is divided by 2117.
18
What is the remainder when 44511 is divided by 4?
3
Calculate the remainder when 13919 is divided by 4631.
26
Calculate the remainder when 762 is divided by 191.
189
Calculate the remainder when 727 is divided by 43.
39
Calculate the remainder when 1109 is divided by 1059.
50
Calculate the remainder when 7659 is divided by 24.
3
Calculate the remainder when 7515155 is divided by 374.
373
Calculate the remainder when 493261 is divided by 227.
217
Calculate the remainder when 767373 is divided by 25.
23
What is the remainder when 35404 is divided by 221?
44
What is the remainder when 86548 is divided by 28838?
34
What is the remainder when 18203278 is divided by 48?
46
Calculate the remainder when 6402 is divided by 257.
234
Calculate the remainder when 99234 is divided by 49617.
0
Calculate the remainder when 2333 is divided by 767.
32
Calculate the remainder when 292095 is divided by 1378.
1337
Calculate the remainder when 803225 is divided by 21.
17
What is the remainder when 3350 is divided by 2624?
726
What is the remainder when 17064 is divided by 17?
13
Calculate the remainder when 744 is divided by 72.
24
Calculate the remainder when 150232 is divided by 58.
12
Calculate the remainder when 5733 is divided by 302.
297
What is the remainder when 6946 is divided by 1157?
4
What is the remainder when 522 is divided by 15?
12
What is the remainder when 137990 is divided by 54?
20
Calculate the remainder when 15480 is divid